pose -5*n - 4 = 2*w, 0*n - n = -2*w + 8. Let g(l) = w + 5*l - 6 + 3*l**2 - 3*l**2 - l**2. Give g(3).
3
Let v(s) = 10*s + 11. Let h(q) = 5*q + 6. Let t(k) = 11*h(k) - 6*v(k). Let d(j) = j - 1. Let n(f) = -2*d(f) + t(f). Determine n(2).
-12
Suppose 0 = -2*u + u + 4*r + 14, -8 = 2*r. Let c(m) = 2*m**2 + 4*m + 2. What is c(u)?
2
Let i(f) = -f**3 + 4*f**2 + f + 6. Let s(q) = 2*q**3 - 8*q**2 - 2*q - 13. Let d(c) = -13*i(c) - 6*s(c). Give d(4).
-4
Suppose -2*b + 6*k + 1 = k, -2*b = k + 17. Let h be 4/14 - (-9)/b. Let r(s) be the third derivative of -s**5/20 - s**4/24 - s**3/6 - s**2. Calculate r(h).
-3
Let z(h) = -h**3 - h**2 + h. Let b(p) be the first derivative of -p**4/4 + p**2/2 - 3. Let k be b(-1). What is z(k)?
0
Let a(g) = 6 - 4*g - 5 + 3*g + 3. Let r(d) = d**2 - 8*d + 3. Let i be r(7). Determine a(i).
8
Let j(a) = a**3 + a - 3. Let n = -16 - -16. Determine j(n).
-3
Suppose 1 = 2*s - 5. Let a(w) = 6 + s*w - 1 - 4*w. Give a(4).
1
Let p be (-50)/15*(-6)/(-5). Let v(w) = -w - 1. Let m(r) be the first derivative of 5*r**2/2 + 3*r - 1. Let l(a) = -m(a) - 6*v(a). Calculate l(p).
-1
Let r(v) = -4*v**3 + v**2 - v + 1. Let z be ((-40)/(-12) + -3)*12. Suppose 3 = z*s - 1. Determine r(s).
-3
Let n(i) be the third derivative of 23*i**5/60 + i**3/6 + 16*i**2. What is n(-1)?
24
Suppose -4*h + s + 60 = 0, 2*h + 2*s - 35 = 5. Suppose -y - b = -4*y - 19, 0 = 4*b - h. Let k(f) = f**2 + 5*f + 3. Calculate k(y).
3
Let g(k) = -k + 5. Let a be g(6). Let u(y) = -4*y**2 - 5*y + 3. Let z(q) = -3*q**2 - 3*q + 2. Let h(b) = -5*u(b) + 8*z(b). What is h(a)?
-4
Let m(p) = 11 - 1 - 3*p + 2*p - 1. Let c(k) = -3*k + 36. Let x(i) = -i. Let a(v) = c(v) + 2*x(v). Let f(q) = -2*a(q) + 9*m(q). Determine f(-5).
4
Let v = 7 - 10. Let g(b) be the first derivative of b**2 - b + 1. Determine g(v).
-7
Let x(p) = -2*p**2 + 2 + 4*p + 3*p**3 + 2*p**2 - 4*p**3 + 3*p**2. Determine x(4).
2
Let p = 3 - 0. Let d(i) = -4*i. Let f(s) = 2*s. Let m(n) = p*d(n) + 7*f(n). Suppose h - 3*g = 5, 2*h = -0*h - g + 3. Give m(h).
4
Suppose -2*o = -11 + 1. Suppose o*h - 4*h - 2 = 0. Let b(p) = -6*p + 1. Calculate b(h).
-11
Let j(d) = -d**2 - 3*d - 3. Suppose 2*s + 11 - 3 = 2*o, -2*s = 5*o - 20. Let x = o - 4. Suppose c + 6 = -c + 2*n, -5*c + n - 11 = x. Give j(c).
-1
Let s(n) = n**3 + 4*n**2 - 3*n + 3. Suppose 9*x + 40 = x. Determine s(x).
-7
Let t(i) = 2*i**2 + i. Let v be t(-1). Let n(q) = -2*q - 3. Let x(c) = -2*c - 2. Let a(u) = -3*n(u) + 4*x(u). Determine a(v).
-1
Let h(c) = -3*c + 5 + 8*c + 2 - c**2. Let t be (3 - 6) + (-2)/2. Let r(o) = -2*o - 3. Let w be r(t). Calculate h(w).
7
Suppose -3*t = -8 - 7. Suppose x = n - 3*x - 7, t*x - 10 = -5*n. Let a(g) = -n*g**3 + 3 - 3*g - 5*g**2 - g + 2*g**3. What is a(-4)?
3
Let s(f) = -2*f**3 - 3*f**2 - f - 3. Let i(a) = 2*a**3 + 4*a**2 + a + 4. Let w(c) = -3*i(c) - 4*s(c). Let d = -1 + -1. Let h be 1*(1*-2)/d. What is w(h)?
3
Let c(d) be the second derivative of -d**3/6 + 2*d**2 + 9*d. Determine c(3).
1
Let i = 13 - 8. Suppose -6 = -g - i. Let b(o) = -27*o**2 + 2*o - 15. Let r(v) = 13*v**2 - v + 7. Let s(y) = 6*b(y) + 13*r(y). Calculate s(g).
7
Suppose 4*l + 4 = -4. Let r be l/(-7) - 48/(-28). Let a(m) = r*m + 0 + 0 - 2. Give a(4).
6
Let y be (-12 + 7)*4/(-10). Let i(r) = 2 + y*r**3 + r**2 + r - 1 - 2*r**2. Determine i(-1).
-3
Let n(c) be the second derivative of c**3/6 - 5*c**2/2 - 12*c. Determine n(6).
1
Let a be (-6)/(-5)*(-15)/(-6). Let s(r) = -r**3 + 4*r**2 - 2*r - 2. Let b be s(2). Let g(x) = -4*x**3 + b*x**2 - 2*x + 3*x**3 + 1 + 2*x**2. What is g(a)?
4
Let x(r) be the second derivative of r**4/12 + r**3/2 + r**2/2 - 26*r. Suppose 4*t = -13 - 3. Determine x(t).
5
Let z(i) = 10*i - 1. Let n = 3 + -2. What is z(n)?
9
Let f be 0/((-2)/4*2). Let y(x) be the second derivative of -x + f*x**3 + 0 - 1/20*x**5 + 1/2*x**2 + 1/4*x**4. What is y(2)?
5
Let f(i) = -2*i + 1. Let g be 2 - 0 - (12 + -9). Determine f(g).
3
Let l(m) = -3*m - 4. Suppose 0 = -f + 4 + 1. Determine l(f).
-19
Suppose -5*z - q = 9, 5*z = 3*z + q + 2. Let h be (2 + 0)/((-1)/z). Let d(s) = 2*s**2 + s - 2. Calculate d(h).
8
Suppose 3*m + 2*r = -m + 12, -3*r = 4*m - 10. Let n(u) = u**2 + 1. Let x(w) = -3*w**2 + 5*w - 6. Let o(h) = 2*n(h) + x(h). Determine o(m).
0
Let m = 4 - 5. Let x be (-2)/(-9) - (-10)/(-45). Let s(w) = -1 + 2*w**3 + x*w**3 - 6*w**3. Give s(m).
3
Suppose -7*k = -6*k + 3. Let x(j) = j**3 + 4*j**2 + 2*j + 3. Calculate x(k).
6
Let z(a) = -a**3 - 5*a**2 + a + 1. Let p be z(-5). Let u(r) = 3*r + 3 + r**3 + 2 + 4*r**2 + 0. What is u(p)?
-7
Suppose 8*j - 5*i + 5 = 3*j, 2*j + i - 4 = 0. Let d(x) = 16*x**2 + 1. Calculate d(j).
17
Let w(v) = v**3 + 4*v**2 + 3*v - 8. Let h(f) = f - 1. Let z(i) = -4*h(i) + w(i). Let b(k) = k**2 - k + 1. Let x(n) = -b(n) - z(n). Give x(-5).
-7
Let w(a) = -2 + a + 2. Let v = -14 - -7. Let j = 7 + v. Determine w(j).
0
Let g(p) = p**3 - 8*p**2 - 8*p - 2. Let b be g(9). Suppose 0 = 4*d - b*d - 3. Let c(y) = -14*y**3 + 2*y**2 + y. What is c(d)?
15
Let p(m) = m**2 - m + 2. Let b(z) = -z**2 + 3*z + 8. Let c be b(5). What is p(c)?
8
Let q(b) = b**3 + 5*b**2 + 3*b + 6. Let u(p) = 4*p - 1. Let s be u(-4). Let x = 13 + s. What is q(x)?
10
Let c(l) = -3*l**3 - 2*l**2 - 12*l + 13. Suppose 14 = 2*p + 6. Let a(i) = 7*i**3 + 3*i**2 + 25*i - 27. Let u(k) = p*a(k) + 9*c(k). What is u(7)?
2
Let b(i) = -7*i - 28. Let l(n) = -3*n - 14. Let x(f) = -4*b(f) + 9*l(f). What is x(0)?
-14
Let r(y) = y**2 - y + 1. Let o(x) = -2*x - 2*x - x + 6*x - 3*x**3 - 2*x**2. Let j be o(1). Let d = j + 5. Determine r(d).
1
Let f(k) = -k**2 - 7*k + 1. Let m be f(-7). Suppose -j + m = -0. Let z(b) = 2*b**3 - b**2 + b. Determine z(j).
2
Let n(q) = -q**3 + q**2 + 3*q + 1. Let y(m) = -1 + 5*m - m - 3*m. Let f(t) = n(t) - 2*y(t). Determine f(0).
3
Let w(i) be the first derivative of 3*i**2/2 - 3. Calculate w(-2).
-6
Let z = -23 - -35. Let o be (-45)/z - 9/(-12). Let h(u) be the second derivative of u**4/12 + 7*u**3/6 + 3*u**2/2 - u. Determine h(o).
-9
Let u(m) = 26*m - 37*m + 21*m + 3*m**2 - 4*m**2. What is u(11)?
-11
Let p be 2/(-8) - 114/(-8). Let m be -4 - -2 - p/(-2). Let r(a) = a - 3. Calculate r(m).
2
Let a be -2 - (240/3)/(-4). Suppose -20 = 3*u - 2*g, 3*u - g + a = 2. Let i(f) be the first derivative of f**4/4 + 4*f**3/3 + f**2/2 - f - 1. What is i(u)?
-5
Suppose 0 = 3*p + b - 8, -b - 2 = -4*p - 3. Let k(s) = -34*s**3 + s**2. Determine k(p).
-33
Let f(w) = 5 + 0 - 7 + 4 + 4*w. What is f(-2)?
-6
Let x = -7 + 5. Let z(b) be the second derivative of -2*b + 0 + 1/4*b**4 - 1/6*b**3 + 1/20*b**5 + b**2. Calculate z(x).
8
Suppose o - 5*o = 2*i - 6, -5*i = -o - 4. Let k be 3/(1 + 1/(-4)). Let a(x) = i + 0 + x - k. Give a(4).
1
Suppose -1 - 27 = -7*b. Suppose 0 = -2*o + b*o, -c + o = -3. Let v(w) = w - 1. What is v(c)?
2
Let c(x) be the first derivative of -x**2 + 8*x - 2. Determine c(6).
-4
Let m(p) be the second derivative of p**4/12 - p**3/6 + 3*p**2 + 3*p. Let h be m(0). Let n(r) = 1 - r + 1 - h. What is n(-5)?
1
Let c(v) = -v + 9. Let x(b) = -5*b**3 + 5*b**2 + 12*b. Let o(d) = 2*d**3 - 3*d**2 - 6*d. Let q(u) = 7*o(u) + 3*x(u). Let t be q(-5). What is c(t)?
4
Let k(f) = -4*f. Let o(l) = -l - 5. Let y be o(-5). Suppose 3*n + 2*w + 0*w + 11 = y, -18 = 2*n - 4*w. Let g = n - -3. Determine k(g).
8
Let t(k) = k**3 - 5*k**2 - 7*k + 2. Let p be t(6). Let o(l) = l**3 + 3*l**2 - 4*l + 4. Give o(p).
4
Let c(p) = -p + 7. Suppose -12 = -7*l + 3*l. Give c(l).
4
Let a(s) be the second derivative of -s**5/20 + s**4/3 - s**3/6 + s**2 - 7*s. Determine a(2).
8
Let l(g) = -5*g**2 - 4*g - 5. Let y(n) = 16*n**2 + 12*n + 16. Let r(b) = 7*l(b) + 2*y(b). Determine r(-2).
-7
Suppose -j + 0*j = -10. Suppose 0 = 4*d + 8, j = c - d - 2*d. Let f(q) = q**2 - 2*q - 1. Give f(c).
7
Let u = -21 - -16. Let h(w) = -6*w**2 - 9*w - 4. Let l(x) = x**2 + x + 1. Let k(p) = h(p) + 5*l(p). What is k(u)?
-4
Suppose -35 = -q - w - 4*w, 2*q + w - 52 = 0. Suppose -4*x - 4 = -4*i, -6*x + x - i + q = 0. Let l(c) = c - 3. What is l(x)?
1
Let p(t) = -2*t + 7. Suppose -5*w + 46 = -0*q + 3*q, -3*q - 2*w = -40. Let b = -5 + q. What is p(b)?
-7
Let s(u) = -u + 2. Suppose 2*d + x + 6 = 0, 4*d + 9*x = 4*x. Calculate s(d).
7
Let x(p) = 2*p + 1. Let j(d) = -4*d - 2. Let f = 9 + -6. Let n(h) = h. Let u be n(f). Let k(o) = u*j(o) + 5*x(o). Give k(-4).
7
Let n(j)